5*t, 5*t - t + 228 = 4*n. Calculate the remainder when n is divided by (2/6)/(m/(-114)).
17
Suppose 28*l = 1364 - 300. Calculate the remainder when 74 is divided by l.
36
Let s(g) = -217*g**3 + 2*g**2 - 19*g - 37. What is the remainder when s(-2) is divided by 33?
29
Let m(f) = -34*f - 198. Calculate the remainder when m(-11) is divided by 45.
41
Let s(m) = 77*m**2 - 8*m + 28. Calculate the remainder when s(4) is divided by 44.
40
Let v(o) = 7*o**2 - 51*o + 11. Calculate the remainder when v(9) is divided by 21.
14
Let b be 2/(-2 + 3 - 3). Let u be (-2)/b - 2/2. Let z(x) = 9*x**3 + x**2. Calculate the remainder when 29 is divided by z(u).
9
Let g(n) = -n**2 + 37. Let o = 13 + 19. What is the remainder when o is divided by g(-5)?
8
Let c(r) = r - 2. Let w = 4 - -4. Let t be c(w). Suppose -t*i + 11*i - 40 = 0. Calculate the remainder when 21 is divided by i.
5
What is the remainder when 52 is divided by -9*((4 - 11)*1 - -4)?
25
Suppose 2*t - 48 = 2*c, t + 8*c - 3*c - 18 = 0. What is the remainder when 55 is divided by t?
9
Let v = -181 - -192. What is the remainder when 53 is divided by v?
9
Let b be ((-1)/(-5) - 7174/(-255))*3. Let w be (-1)/(-1*1/43). Suppose w + b = 2*z. What is the remainder when z is divided by 33?
31
Let m(x) = -x**3 - 4*x**2 + x - 7. Let u = 33 - 38. What is the remainder when 22 is divided by m(u)?
9
Suppose 756 = 12*y - 6*y. Calculate the remainder when y is divided by 29.
10
Suppose 0 = 4*n - 3*n - 2. Let t be 96/(-54) - n/9. What is the remainder when 9 is divided by -3 - (-6 + t + 0)?
4
Suppose 2*i - 113 = -305. Let l = -64 - i. What is the remainder when 0 + 1 + (-250)/(-2) is divided by l?
30
Let i(h) = -h**3 - 4*h**2 - 25*h - 6. Let f be i(-12). Calculate the remainder when ((-2)/(-3))/(3 + f/(-486)) is divided by 18.
9
Suppose 4*q = 3*q + 2. Let f = 37 - 33. Calculate the remainder when q/(2/(-9))*-1 is divided by f.
1
Let q(k) = -37*k - 107. Let s(t) = -23*t - 1. Calculate the remainder when s(-2) is divided by q(-3).
1
Let f(o) = -o**2 + 9 + 5*o + 2*o**2 + 1. Let p be f(-7). Suppose -3*m + p = 2*g - m, g = -2*m + 17. Calculate the remainder when 12 is divided by g.
5
Let x(r) = -r**3 + 8*r**2 + 18*r - 6. Suppose 5*h + 16 = -g, 41 = 4*g - 2*h + h. Calculate the remainder when x(g) is divided by 26.
23
Suppose -38 + 102 = 4*v. Let b = v + -13. Calculate the remainder when b is divided by 1.
0
Let d(y) = -3*y**3 + 28*y**2 + 21*y + 9. What is the remainder when 94 is divided by d(10)?
18
Let i = 134 - 61. Let h = 139 + -76. Let t = h + -38. Calculate the remainder when i is divided by t.
23
Let y = 540 + -769. Let o = 404 + y. Calculate the remainder when o is divided by 44.
43
Let y(d) = -3*d - 9. Let w(f) = -f**2 - 9*f - 1. Suppose -5*q - 45 = 5*h, 8*h = 2*q + 4*h + 12. What is the remainder when y(-7) is divided by w(q)?
5
Let t(l) = 14*l + 272. Calculate the remainder when t(-17) is divided by 1.
0
Let j = -14 - -6. Let k = j - -13. Suppose 0 = k*t - 18 - 107. Calculate the remainder when 49 is divided by t.
24
Suppose -k - 18 = -3*k + 2*j, 0 = 2*k + j - 21. Suppose k*r - 100 = 290. What is the remainder when r is divided by 7?
4
Let y = -12 + 32. Let m = -66 - -258. Suppose -2*w + 5*w - 193 = -5*l, 2*w = -5*l + m. What is the remainder when l is divided by y?
18
Let g = -30 + 34. Suppose 354 = -5*o + g*o. What is the remainder when 6/4 + o/(-4) is divided by 31?
28
Let o(p) = p**3 - 34*p**2 - 380*p + 37. Calculate the remainder when o(43) is divided by 111.
5
Let t = 13 - 10. Suppose 3*g + 21 = t*w - 15, -3*w = -2*g - 41. Suppose -3*v - w = -o, 2*o + 4 = v + 48. Calculate the remainder when o is divided by 9.
5
Suppose 4*a + 4 = 6*a. Suppose 2*g + 89 = 3*g. What is the remainder when g is divided by -60*(a/2)/(-2)?
29
Suppose 14 = h - 26. What is the remainder when 62 is divided by (-10)/(h/84)*-1?
20
Suppose -w = 5, 116*q = 111*q + 2*w + 40. Let h be 5/(-2)*(-12)/15. Calculate the remainder when h*-1 + 0 - -24 is divided by q.
4
Let k = -273 - -343. Calculate the remainder when k is divided by 8.
6
Let r(y) = -y**2 + 11*y + 138. Suppose 0 = 3*m - 0*m + 4*u - 64, m = 5*u + 15. What is the remainder when r(15) is divided by m?
18
Suppose -4*g = 7 - 83. What is the remainder when g is divided by 11?
8
Let u = 143 - 140. Suppose -5*f + 23 = u*l, -4*l - l = 5*f - 15. What is the remainder when 20 is divided by f?
6
Let k = -6370 + 8996. What is the remainder when k is divided by 71?
70
Suppose 6*d = -14*d + 380. What is the remainder when 75 is divided by d?
18
Let y(x) = 15*x - 178. What is the remainder when y(13) is divided by 5?
2
Suppose n + 5 = -0. Let q = n + 9. Suppose q*g - 2*g - 16 = 0. What is the remainder when g is divided by 5?
3
Let b(z) = -4*z**2 - 50*z + 2. Calculate the remainder when b(-6) is divided by 32.
30
Suppose 2*m = 8, 2*m - 123 = 10*y - 15*y. What is the remainder when y is divided by 10?
3
Let t(y) = -y**3 + 6*y**2 + 18*y - 8. Let o be t(8). Let d(c) = c**3 - 7*c**2 - 4*c + 8. What is the remainder when d(o) is divided by 11?
7
Let k(d) = -8*d - 30. Let h = 31 + 0. Calculate the remainder when h is divided by k(-5).
1
Let h(n) = -n**3 + 13*n**2 - 9*n + 3. What is the remainder when h(7) is divided by 80?
74
Let l = -22 + 25. Suppose 0*o - f - 53 = -l*o, o - 27 = -2*f. Calculate the remainder when o is divided by 11/(6/(-3) - -3).
8
Let o = 7 + -5. Let w(g) = 3*g**2 + 11*g - 12. Let h(b) = 16*b**2 + 54*b - 59. Let k(n) = o*h(n) - 11*w(n). What is the remainder when k(-11) is divided by 14?
8
Suppose 0 = 2*i - 1 - 3. Suppose 0 = i*o - 20 - 6. Let z = o + -4. Calculate the remainder when 34 is divided by z.
7
Suppose -7*p + 3 = -6*p. Let a(m) = -m**2 + 4*m + 8*m**2 + 6 + 0*m**3 + m**p. Calculate the remainder when 50 is divided by a(-6).
14
Suppose -5*z - 1618 = -1683. Suppose 0 = 2*k - 7*k + 10, -k = -b + 1. What is the remainder when z is divided by b?
1
What is the remainder when 6195/119 - 3/51 is divided by 9?
7
Let r be (1 - (-2)/(-4))*(-24)/(-6). Calculate the remainder when (2/4)/(r/(3 - -97)) is divided by 15.
10
Let c = 1899 - 1743. What is the remainder when c is divided by 27?
21
Suppose -2805 = -48*x - 3*x. What is the remainder when 384 is divided by x?
54
Let v be (-33)/3*17 + 1 + 1. Let o = v + 375. What is the remainder when o is divided by 32?
30
Let b = 19 - 16. Suppose x + 2*d - 21 = -d, 4*d = b*x - 89. Let g(p) = -p**2 - 11*p + 14. What is the remainder when x is divided by g(-11)?
13
Calculate the remainder when 157 is divided by -4 + (117 - 5)/8.
7
Let g(x) = -x - 7. Let t be g(-10). Suppose 118 = t*z - z. Suppose -z = -4*o + 9. What is the remainder when o is divided by 5?
2
Let a(j) = 149*j**2 - 2*j - 5. Calculate the remainder when a(-1) is divided by 20.
6
Let j(c) = 6*c. Let d be j(1). Suppose d = -5*a - 4. Calculate the remainder when 65 is divided by (-1430)/(-66) + a/(-6).
21
Suppose -20*f = -69*f + 637. Calculate the remainder when 802 is divided by f.
9
Let u = -49 - -147. What is the remainder when u is divided by 30?
8
Let f be (370/(-15))/((-2)/3). Let o = f + -31. What is the remainder when 10 is divided by o?
4
Let p be (-4)/((-22)/8 + 3). Let u = p - -23. Calculate the remainder when 16 is divided by u.
2
Let n = -2 - -4. Let a be (3 - n) + 1 + 2. Suppose -3*h + 0*h = 3*w - 60, -w - a = 0. Calculate the remainder when h is divided by 13.
11
Let p(j) = j + 49. Let h be p(18). Suppose h = 5*c - 8. Let u(b) = 20*b - 3. Calculate the remainder when u(3) is divided by c.
12
Let a be (-3804)/(-60) - 4/10. Let t = 104 - a. What is the remainder when t is divided by 14?
13
Suppose 0 = 5*d - 3*d - 24. Suppose v = d - 0. Suppose 17*z = v*z + 85. What is the remainder when z is divided by 4?
1
Suppose -5*t = -t. Suppose x - 2*z - 2*z + 4 = t, x + 9 = 5*z. Calculate the remainder when 59 is divided by x.
11
What is the remainder when 132 is divided by 69*((-5)/(-6) + (-15)/30)?
17
Suppose 2*t - 39 = -11*t. Suppose 6*b + 41 = 10*b - t*j, j = -b + 5. What is the remainder when 46 is divided by b?
6
Let a(k) = 3*k**3 + 3*k**2 + 5*k + 1. Let y be a(-5). Let z = y - -468. What is the remainder when z is divided by 49?
46
Let l(i) = -4*i - 4. Calculate the remainder when (-2 + -1)/((-60)/760) is divided by l(-6).
18
Let u(q) = -q**3 + 8*q**2 - 4*q - 20. Let g be 